{"id":725,"date":"2025-02-07T19:21:30","date_gmt":"2025-02-07T17:21:30","guid":{"rendered":"https:\/\/ashotzakaryan.com\/?page_id=725"},"modified":"2026-02-28T11:36:25","modified_gmt":"2026-02-28T09:36:25","slug":"coach","status":"publish","type":"page","link":"https:\/\/ashotzakaryan.com\/rus\/coach\/","title":{"rendered":"\u0417\u0410\u0427\u0415\u041c ?"},"content":{"rendered":"<div class=\"wp-block-media-text is-stacked-on-mobile is-vertically-aligned-top\" style=\"grid-template-columns:35% auto\"><figure class=\"wp-block-media-text__media\"><img loading=\"lazy\" decoding=\"async\" width=\"1024\" height=\"1024\" src=\"http:\/\/ashotzakaryan.com\/wp-content\/uploads\/2024\/11\/SALES-COLOR-1-1024x1024.jpg\" alt=\"\" class=\"wp-image-486 size-full\" srcset=\"https:\/\/ashotzakaryan.com\/wp-content\/uploads\/2024\/11\/SALES-COLOR-1-1024x1024.jpg 1024w, https:\/\/ashotzakaryan.com\/wp-content\/uploads\/2024\/11\/SALES-COLOR-1-300x300.jpg 300w, https:\/\/ashotzakaryan.com\/wp-content\/uploads\/2024\/11\/SALES-COLOR-1-150x150.jpg 150w, https:\/\/ashotzakaryan.com\/wp-content\/uploads\/2024\/11\/SALES-COLOR-1-768x767.jpg 768w, https:\/\/ashotzakaryan.com\/wp-content\/uploads\/2024\/11\/SALES-COLOR-1-100x100.jpg 100w, https:\/\/ashotzakaryan.com\/wp-content\/uploads\/2024\/11\/SALES-COLOR-1.jpg 1434w\" sizes=\"auto, (max-width: 767px) 89vw, (max-width: 1000px) 54vw, (max-width: 1071px) 543px, 580px\" \/><\/figure><div class=\"wp-block-media-text__content\">\n<h2 class=\"wp-block-heading\"><\/h2>\n\n\n\n<h2 class=\"wp-block-heading\"><\/h2>\n\n\n\n<p><strong>\u0420\u0415\u0428\u0415\u041d\u0418\u0415 \u0412\u041d\u0423\u0422\u0420\u0418 \u0412\u0410\u0421<\/strong><\/p>\n\n\n\n<p><\/p>\n\n\n\n<p><\/p>\n<\/div><\/div>\n\n\n\n<h2 class=\"wp-block-heading\"><\/h2>\n\n\n\n<p><strong>\u0412\u041e\u0422 <strong><strong>\u0427\u0422\u041e<\/strong><\/strong><\/strong> <strong>\u0421\u0415\u0419\u0427\u0410\u0421<\/strong><\/p>\n\n\n\n<p>\u041b\u044e\u0434\u0435\u0439, \u0441\u0442\u0440\u0435\u043c\u044f\u0449\u0438\u0445\u0441\u044f \u043a \u0440\u043e\u0441\u0442\u0443, \u0432 \u0441\u0443\u0449\u043d\u043e\u0441\u0442\u0438 \u043c\u043e\u0436\u043d\u043e \u0440\u0430\u0437\u0434\u0435\u043b\u0438\u0442\u044c \u043d\u0430 \u0434\u0432\u0435 \u0433\u0440\u0443\u043f\u043f\u044b.\n\u041e\u0434\u043d\u0438 - \u0432 \u0442\u0443\u043f\u0438\u043a\u0435, \u043f\u0435\u0440\u0435\u0433\u0440\u0443\u0436\u0435\u043d\u043d\u044b\u0435, \u0441\u0431\u0438\u0442\u044b\u0435 \u0441 \u043f\u0443\u0442\u0438, \u043d\u0435 \u0437\u043d\u0430\u044e\u0442, \u043a\u0430\u043a\u0438\u043c \u0434\u043e\u043b\u0436\u0435\u043d \u0431\u044b\u0442\u044c \u0441\u043b\u0435\u0434\u0443\u044e\u0449\u0438\u0439 \u0448\u0430\u0433 \u043a \u0443\u0441\u043f\u0435\u0445\u0443.\n\u0414\u0440\u0443\u0433\u0438\u0435 - \u0438\u043c\u0435\u044e\u0442 \u044f\u0441\u043d\u043e\u0435 \u043f\u0440\u0435\u0434\u0441\u0442\u0430\u0432\u043b\u0435\u043d\u0438\u0435 \u043e \u043d\u0430\u043f\u0440\u0430\u0432\u043b\u0435\u043d\u0438\u0438 \u0438 \u0441\u0432\u043e\u0438\u0445 \u0446\u0435\u043b\u044f\u0445, \u043d\u043e \u043f\u0440\u043e\u0441\u0442\u043e \u0445\u043e\u0442\u044f\u0442 \u0443\u0441\u043a\u043e\u0440\u0438\u0442\u044c \u0441\u0432\u043e\u0439 \u043f\u0440\u043e\u0433\u0440\u0435\u0441\u0441.\n\u041e\u0431\u0435\u0438\u043c \u0433\u0440\u0443\u043f\u043f\u0430\u043c \u043d\u0443\u0436\u043d\u0430 \u043d\u0435 \u043f\u0440\u043e\u0441\u0442\u043e \u043f\u043e\u0434\u0434\u0435\u0440\u0436\u043a\u0430, \u0430 \u043a\u0430\u0447\u0435\u0441\u0442\u0432\u0435\u043d\u043d\u043e \u041d\u041e\u0412\u042b\u0419 \u043f\u043e\u0434\u0445\u043e\u0434, \u043a\u043e\u0442\u043e\u0440\u044b\u0439 \u0432\u0435\u0440\u043d\u0451\u0442 \u0438\u043c \u044d\u043d\u0435\u0440\u0433\u0438\u044e, \u0441\u0432\u043e\u0431\u043e\u0434\u0443 \u0438 \u043e\u0441\u043e\u0437\u043d\u0430\u043d\u043d\u043e\u0441\u0442\u044c.<\/p>\n\n\n\n<p><\/p>\n\n\n\n<h2 class=\"wp-block-heading\"><\/h2>\n\n\n\n<p><strong>\u0415\u0421\u0422\u042c \u041f\u0420\u041e\u0411\u041b\u0415\u041c\u0410<\/strong><\/p>\n\n\n\n<p>\u0411\u043e\u043b\u044c\u0448\u0438\u043d\u0441\u0442\u0432\u043e \u0442\u0440\u0430\u0434\u0438\u0446\u0438\u043e\u043d\u043d\u044b\u0445 \u043f\u043e\u0434\u0445\u043e\u0434\u043e\u0432 \u043a \u0440\u0430\u0437\u0432\u0438\u0442\u0438\u044e \u043f\u043e-\u043f\u0440\u0435\u0436\u043d\u0435\u043c\u0443 \u0441\u0442\u0440\u043e\u044f\u0442\u0441\u044f \u043d\u0430 \u043a\u043e\u043d\u0441\u0443\u043b\u044c\u0442\u0438\u0440\u043e\u0432\u0430\u043d\u0438\u0438, \u043d\u0430 \u0433\u043e\u0442\u043e\u0432\u044b\u0445 \u0440\u0435\u0448\u0435\u043d\u0438\u044f\u0445 \u0438 \u0441\u043e\u0432\u0435\u0442\u0430\u0445.\n\u0412 \u0440\u0435\u0437\u0443\u043b\u044c\u0442\u0430\u0442\u0435 \u043a\u043b\u0438\u0435\u043d\u0442\u044b \u0438\u0434\u0443\u0442 \u043f\u043e \u0427\u0423\u0416\u041e\u041c\u0423 \u043f\u0443\u0442\u0438 \u0438 \u043f\u043e\u0441\u0442\u0435\u043f\u0435\u043d\u043d\u043e \u043f\u0435\u0440\u0435\u0434\u0430\u044e\u0442 \u043e\u0442\u0432\u0435\u0442\u0441\u0442\u0432\u0435\u043d\u043d\u043e\u0441\u0442\u044c \u0437\u0430 \u0441\u043e\u0431\u0441\u0442\u0432\u0435\u043d\u043d\u043e\u0435 \u0440\u0430\u0437\u0432\u0438\u0442\u0438\u0435 \u0434\u0440\u0443\u0433\u0438\u043c.<\/p>\n\n\n\n<h2 class=\"wp-block-heading\"><\/h2>\n\n\n\n<p><strong>\u041f\u041e\u0427\u0415\u041c\u0423 \u042d\u0422\u041e \u0412\u0410\u0421 \u041e\u0413\u0420\u0410\u041d\u0418\u0427\u0418\u0412\u0410\u0415\u0422<\/strong><\/p>\n\n\n\n<p>\u0422\u0430\u043a\u043e\u0435 \u043a\u043e\u043d\u0441\u0443\u043b\u044c\u0442\u0438\u0440\u043e\u0432\u0430\u043d\u0438\u0435 \u043b\u0438\u0448\u0430\u0435\u0442 \u0447\u0435\u043b\u043e\u0432\u0435\u043a\u0430 \u0432\u043e\u0437\u043c\u043e\u0436\u043d\u043e\u0441\u0442\u0438 \u043e\u0441\u0442\u0430\u0432\u0430\u0442\u044c\u0441\u044f \u044d\u043a\u0441\u043f\u0435\u0440\u0442\u043e\u043c \u0441\u043e\u0431\u0441\u0442\u0432\u0435\u043d\u043d\u043e\u0439 \u0436\u0438\u0437\u043d\u0438.\n\u0421\u043e \u0432\u0440\u0435\u043c\u0435\u043d\u0435\u043c \u0432\u043e\u0437\u043d\u0438\u043a\u0430\u0435\u0442 \u0417\u0410\u0412\u0418\u0421\u0418\u041c\u041e\u0421\u0422\u042c \u043e\u0442 \u0432\u043d\u0435\u0448\u043d\u0438\u0445 \u0441\u043e\u0432\u0435\u0442\u043e\u0432, \u0441\u043d\u0438\u0436\u0430\u0435\u0442\u0441\u044f \u0430\u0434\u0430\u043f\u0442\u0438\u0432\u043d\u043e\u0441\u0442\u044c \u0438 \u0440\u0435\u0437\u0438\u043b\u044c\u0435\u043d\u0442\u043d\u043e\u0441\u0442\u044c - \u0441\u0430\u043c\u044b\u0435 \u0432\u043e\u0441\u0442\u0440\u0435\u0431\u043e\u0432\u0430\u043d\u043d\u044b\u0435 \u043a\u0430\u0447\u0435\u0441\u0442\u0432\u0430 \u0441\u043e\u0432\u0440\u0435\u043c\u0435\u043d\u043d\u043e\u0433\u043e \u0447\u0435\u043b\u043e\u0432\u0435\u043a\u0430 \u0432 \u044d\u043f\u043e\u0445\u0443 \u0431\u044b\u0441\u0442\u0440\u044b\u0445 \u0438\u0437\u043c\u0435\u043d\u0435\u043d\u0438\u0439 \u0438 \u0438\u0441\u043a\u0443\u0441\u0441\u0442\u0432\u0435\u043d\u043d\u043e\u0433\u043e \u0438\u043d\u0442\u0435\u043b\u043b\u0435\u043a\u0442\u0430 (\u0418\u0418).\n\u041a \u0442\u043e\u043c\u0443 \u0436\u0435, \u0442\u0440\u0430\u0434\u0438\u0446\u0438\u043e\u043d\u043d\u044b\u0435 \u043c\u0435\u0442\u043e\u0434\u044b \u0441\u043b\u0438\u0448\u043a\u043e\u043c \u043e\u043f\u0438\u0440\u0430\u044e\u0442\u0441\u044f \u043d\u0430 \u0438\u043d\u0442\u0435\u043b\u043b\u0435\u043a\u0442 (IQ), \u0442\u043e\u0433\u0434\u0430 \u043a\u0430\u043a \u0432 \u043c\u0438\u0440\u0435 \u0418\u0418 \u0433\u043e\u0440\u0430\u0437\u0434\u043e \u0446\u0435\u043d\u043d\u0435\u0435 \u0441\u0442\u0430\u043d\u043e\u0432\u0438\u0442\u0441\u044f \u044d\u043c\u043e\u0446\u0438\u043e\u043d\u0430\u043b\u044c\u043d\u044b\u0439 \u0438\u043d\u0442\u0435\u043b\u043b\u0435\u043a\u0442 (EQ).<\/p>\n\n\n\n<h2 class=\"wp-block-heading\"><\/h2>\n\n\n\n<p><strong>\u0418\u041d\u0421\u0410\u0419\u0422\u0418\u041d\u0413<\/strong><\/p>\n\n\n\n<p>\u042f \u0441\u043e\u0437\u0434\u0430\u044e \u0441\u043e\u0432\u0435\u0440\u0448\u0435\u043d\u043d\u043e \u043d\u043e\u0432\u044b\u0439 \u0444\u043e\u0440\u043c\u0430\u0442 \u0440\u0430\u0437\u0432\u0438\u0442\u0438\u044f - \u0418\u041d\u0421\u0410\u0419\u0422\u0418\u041d\u0413.<br>\u042f - \u0418\u041d\u0421\u0410\u0419\u0422\u0415\u0420. \u042d\u0442\u043e \u043d\u043e\u0432\u044b\u0439 \u0442\u0438\u043f \u0441\u043f\u0435\u0446\u0438\u0430\u043b\u0438\u0441\u0442\u0430, \u0441\u043e\u0447\u0435\u0442\u0430\u044e\u0449\u0438\u0439 \u0432 \u0441\u0435\u0431\u0435 \u043a\u043e\u0443\u0447\u0430, \u0442\u0440\u0435\u043d\u0435\u0440\u0430 \u0438 \u043c\u0435\u043d\u0442\u043e\u0440a, \u043d\u043e \u0432\u044b\u0445\u043e\u0434\u044f\u0449\u0438\u0439 \u0434\u0430\u043b\u0435\u043a\u043e \u0437\u0430 \u0440\u0430\u043c\u043a\u0438 \u043f\u0440\u0438\u0432\u044b\u0447\u043d\u044b\u0445 \u043f\u043e\u0434\u0445\u043e\u0434\u043e\u0432.\n\u0418\u041d\u0421\u0410\u0419\u0422\u0418\u041d\u0413 - \u044d\u0442\u043e \u043c\u0443\u043b\u044c\u0442\u0438-\u0442\u0435\u0445\u043d\u0438\u0447\u043d\u044b\u0439, \u0446\u0435\u043b\u043e\u0441\u0442\u043d\u044b\u0439 \u043f\u0440\u043e\u0446\u0435\u0441\u0441, \u043a\u043e\u0442\u043e\u0440\u044b\u0439 \u043e\u0431\u044a\u0435\u0434\u0438\u043d\u044f\u0435\u0442 EQ-\u043a\u043e\u0443\u0447\u0438\u043d\u0433, \u0442\u0440\u0435\u043d\u0438\u043d\u0433 \u0433\u0438\u0431\u043a\u0438\u0445 \u043d\u0430\u0432\u044b\u043a\u043e\u0432 (soft skills), \u043c\u0435\u043d\u0442\u043e\u0440\u0441\u0442\u0432\u043e, \u0441\u0430\u043c\u043e\u0433\u0438\u043f\u043d\u043e\u0437, \u043c\u0435\u0434\u0438\u0442\u0430\u0446\u0438\u044e, \u0434\u044b\u0445\u0430\u0442\u0435\u043b\u044c\u043d\u044b\u0435 \u0438 \u0445\u043e\u043b\u043e\u0434\u043e\u0432\u044b\u0435 \u043f\u0440\u0430\u043a\u0442\u0438\u043a\u0438.\n\u041c\u043e\u044f \u0446\u0435\u043b\u044c \u043e\u0434\u043d\u0430 - \u0441\u043e\u0437\u0434\u0430\u0442\u044c \u0432 \u0412\u0430\u0441 \u0418\u041d\u0421\u0410\u0419\u0422 - \u0432\u043d\u0443\u0442\u0440\u0435\u043d\u043d\u044e\u044e \u0432\u0441\u043f\u044b\u0448\u043a\u0443, \u043e\u0437\u0430\u0440\u0435\u043d\u0438\u0435, \u043f\u0440\u043e\u0431\u0443\u0436\u0434\u0435\u043d\u0438\u0435, \u044f\u0441\u043d\u043e\u0441\u0442\u044c \u0438 \u043f\u0440\u043e\u0440\u044b\u0432.\n\u0412\u044b \u043e\u0441\u0442\u0430\u0435\u0442\u0435\u0441\u044c \u044d\u043a\u0441\u043f\u0435\u0440\u0442\u043e\u043c \u0441\u0432\u043e\u0435\u0439 \u0441\u043e\u0431\u0441\u0442\u0432\u0435\u043d\u043d\u043e\u0439 \u0441\u0438\u0442\u0443\u0430\u0446\u0438\u0438, \u0430 \u044f - \u043f\u0440\u043e\u0432\u043e\u0434\u043d\u0438\u043a \u043a \u0412\u0430\u0448\u0435\u043c\u0443 \u0418\u041d\u0421\u0410\u0419\u0422\u0423 \u0438 \u0412\u0430\u0448\u0435\u043c\u0443 \u0432\u043d\u0443\u0442\u0440\u0435\u043d\u043d\u0435\u043c\u0443 \u0440\u0435\u0441\u0443\u0440\u0441\u0443.<\/p>\n\n\n\n<h2 class=\"wp-block-heading\"><\/h2>\n\n\n\n<p><strong>\u041d\u0410\u0428 \u0421\u041b\u0415\u0414\u0423\u042e\u0429\u0418\u0419 \u0428\u0410\u0413<\/strong><\/p>\n\n\n\n<p>\u041f\u0440\u0438\u0433\u043b\u0430\u0448\u0430\u044e \u0412\u0430\u0441 \u043d\u0430 \u0431\u0435\u0441\u043f\u043b\u0430\u0442\u043d\u043e\u0435 \u0441\u0442\u0430\u0440\u0442\u043e\u0432\u043e\u0435 \u043e\u043d\u043b\u0430\u0439\u043d-\u0437\u0430\u043d\u044f\u0442\u0438\u0435.\n\u0412\u0441\u0435\u0433\u043e \u0437\u0430 21 \u043c\u0438\u043d\u0443\u0442\u0443 \u0412\u044b \u043c\u043e\u0436\u0435\u0442\u0435 \u043f\u043e\u043b\u0443\u0447\u0438\u0442\u044c \u0441\u0432\u043e\u0439 \u043f\u0435\u0440\u0432\u044b\u0439 \u0418\u041d\u0421\u0410\u0419\u0422 - \u043c\u043e\u043c\u0435\u043d\u0442, \u043a\u043e\u0442\u043e\u0440\u044b\u0439 \u043c\u043e\u0436\u0435\u0442 \u043d\u0430\u0432\u0441\u0435\u0433\u0434\u0430 \u0438\u0437\u043c\u0435\u043d\u0438\u0442\u044c \u043d\u0430\u043f\u0440\u0430\u0432\u043b\u0435\u043d\u0438\u0435 \u0412\u0430\u0448\u0435\u0433\u043e \u0440\u0430\u0437\u0432\u0438\u0442\u0438\u044f.<\/p>\n\n\n\n<div class=\"wp-block-buttons is-layout-flex wp-block-buttons-is-layout-flex\">\n<div class=\"wp-block-button\"><a class=\"wp-block-button__link wp-element-button\" href=\"https:\/\/calendly.com\/trainer-ashotzakaryan\/a-shot\" target=\"_blank\" rel=\"noreferrer noopener\">\u0411\u0435\u0441\u043f\u043b\u0430\u0442\u043d\u043e\u0435 \u0441\u0442\u0430\u0440\u0442\u043e\u0432\u043e\u0435 \u0437\u0430\u043d\u044f\u0442\u0438\u0435 !<\/a><\/div>\n<\/div>\n\n\n\n<h2 class=\"wp-block-heading\"><\/h2>\n\n\n\n<p><strong>\u0412\u0410\u0428\u0410 \u0412\u042b\u0413\u041e\u0414\u0410<\/strong><\/p>\n\n\n\n<p>\u0412 \u0441\u043e\u0442\u0440\u0443\u0434\u043d\u0438\u0447\u0435\u0441\u0442\u0432\u0435 \u0441\u043e \u043c\u043d\u043e\u0439 \u0412\u044b \u0440\u0430\u0441\u043a\u0440\u044b\u0432\u0430\u0435\u0442\u0435 \u0438 \u0430\u043a\u0442\u0438\u0432\u0438\u0440\u0443\u0435\u0442\u0435 \u0421\u041e\u0411\u0421\u0422\u0412\u0415\u041d\u041d\u042b\u0415 \u0440\u0435\u0441\u0443\u0440\u0441\u044b, \u0432\u043e\u0437\u0432\u0440\u0430\u0449\u0430\u0435\u0442\u0435 \u0412\u0430\u0448\u0443 \u0443\u0432\u0435\u0440\u0435\u043d\u043d\u043e\u0441\u0442\u044c \u0438 \u0412\u0430\u0448\u0443 \u043d\u0435\u0437\u0430\u0432\u0438\u0441\u0438\u043c\u043e\u0441\u0442\u044c.\n\u0418\u041d\u0421\u0410\u0419\u0422\u0418\u041d\u0413 \u0443\u0441\u043a\u043e\u0440\u044f\u0435\u0442 \u0412\u0430\u0448 \u0440\u043e\u0441\u0442, \u043f\u043e\u043c\u043e\u0433\u0430\u0435\u0442 \u0431\u044b\u0441\u0442\u0440\u0435\u0435 \u0434\u043e\u0441\u0442\u0438\u0433\u0430\u0442\u044c \u043f\u0440\u043e\u0444\u0435\u0441\u0441\u0438\u043e\u043d\u0430\u043b\u044c\u043d\u044b\u0445 \u0438 \u043b\u0438\u0447\u043d\u044b\u0445 \u0446\u0435\u043b\u0435\u0439, \u0443\u043a\u0440\u0435\u043f\u043b\u044f\u0435\u0442 \u0412\u0430\u0448\u0443 \u0430\u0434\u0430\u043f\u0442\u0438\u0432\u043d\u043e\u0441\u0442\u044c \u0438 \u0440\u0435\u0437\u0438\u043b\u044c\u0435\u043d\u0442\u043d\u043e\u0441\u0442\u044c.\n\u0412\u044b \u043e\u0441\u0442\u0430\u0451\u0442\u0435\u0441\u044c \u0442\u0435\u043c, \u043a\u043e\u0433\u043e \u0431\u0443\u0434\u0435\u0442 \u043d\u0435\u0432\u043e\u0437\u043c\u043e\u0436\u043d\u043e \u0437\u0430\u043c\u0435\u043d\u0438\u0442\u044c \u0438\u0441\u043a\u0443\u0441\u0441\u0442\u0432\u0435\u043d\u043d\u044b\u043c \u0438\u043d\u0442\u0435\u043b\u043b\u0435\u043a\u0442\u043e\u043c (\u0418\u0418) - \u0438\u0441\u0442\u0438\u043d\u043d\u043e \u0427\u0415\u041b\u041e\u0412\u0415\u041a\u041e\u041c.<\/p>\n\n\n\n<div class=\"wp-block-buttons is-layout-flex wp-block-buttons-is-layout-flex\"><\/div>\n\n\n\n<div class=\"wp-block-buttons is-layout-flex wp-block-buttons-is-layout-flex\"><\/div>\n\n\n\n<p><\/p>","protected":false},"excerpt":{"rendered":"<p>SIE TRAGEN DIE L\u00d6SUNG IN SICH WAS WIR JETZT HABEN Menschen, die sich weiterentwickeln wollen, lassen sich im Grunde in zwei Gruppen einteilen. Die einen f\u00fchlen sich festgefahren, \u00fcberfordert und unsicher, wie sie ihren Weg zum Erfolg finden sollen. Die anderen wissen genau, wohin sie wollen, verf\u00fcgen \u00fcber Entwicklungskompetenz und m\u00f6chten lediglich ihren Fortschritt beschleunigen. &hellip; <\/p>\n<p class=\"link-more\"><a href=\"https:\/\/ashotzakaryan.com\/rus\/coach\/\" class=\"more-link\">\u0427\u0438\u0442\u0430\u0442\u044c \u0434\u0430\u043b\u0435\u0435<span class=\"screen-reader-text\"> \u00abWARUM ?\u00bb<\/span><\/a><\/p>","protected":false},"author":1,"featured_media":0,"parent":0,"menu_order":0,"comment_status":"closed","ping_status":"closed","template":"","meta":{"footnotes":""},"class_list":["post-725","page","type-page","status-publish","hentry"],"yoast_head":"<!-- This site is optimized with the Yoast SEO plugin v26.2 - https:\/\/yoast.com\/wordpress\/plugins\/seo\/ -->\n<title>WARUM ? - der INSIGHTER<\/title>\n<meta name=\"robots\" content=\"index, follow, max-snippet:-1, max-image-preview:large, max-video-preview:-1\" \/>\n<link rel=\"canonical\" href=\"https:\/\/ashotzakaryan.com\/rus\/coach\/\" \/>\n<meta property=\"og:locale\" content=\"ru_RU\" \/>\n<meta property=\"og:type\" content=\"article\" \/>\n<meta property=\"og:title\" content=\"WARUM ? - der INSIGHTER\" \/>\n<meta property=\"og:description\" content=\"SIE TRAGEN DIE L\u00d6SUNG IN SICH WAS WIR JETZT HABEN Menschen, die sich weiterentwickeln wollen, lassen sich im Grunde in zwei Gruppen einteilen. Die einen f\u00fchlen sich festgefahren, \u00fcberfordert und unsicher, wie sie ihren Weg zum Erfolg finden sollen. Die anderen wissen genau, wohin sie wollen, verf\u00fcgen \u00fcber Entwicklungskompetenz und m\u00f6chten lediglich ihren Fortschritt beschleunigen. &hellip; \u0427\u0438\u0442\u0430\u0442\u044c \u0434\u0430\u043b\u0435\u0435 \u00abWARUM ?\u00bb\" \/>\n<meta property=\"og:url\" content=\"https:\/\/ashotzakaryan.com\/rus\/coach\/\" \/>\n<meta property=\"og:site_name\" content=\"der INSIGHTER\" \/>\n<meta property=\"article:publisher\" content=\"https:\/\/www.facebook.com\/profile.php?id=61575221885111\" \/>\n<meta property=\"article:modified_time\" content=\"2026-02-28T09:36:25+00:00\" \/>\n<meta property=\"og:image\" content=\"https:\/\/ashotzakaryan.com\/wp-content\/uploads\/2024\/11\/SALES-COLOR-1.jpg\" \/>\n\t<meta property=\"og:image:width\" content=\"1434\" \/>\n\t<meta property=\"og:image:height\" content=\"1432\" \/>\n\t<meta property=\"og:image:type\" content=\"image\/jpeg\" \/>\n<meta name=\"twitter:card\" content=\"summary_large_image\" \/>\n<meta name=\"twitter:label1\" content=\"\u041f\u0440\u0438\u043c\u0435\u0440\u043d\u043e\u0435 \u0432\u0440\u0435\u043c\u044f \u0434\u043b\u044f \u0447\u0442\u0435\u043d\u0438\u044f\" \/>\n\t<meta name=\"twitter:data1\" content=\"2 \u043c\u0438\u043d\u0443\u0442\u044b\" \/>\n<script type=\"application\/ld+json\" class=\"yoast-schema-graph\">{\"@context\":\"https:\/\/schema.org\",\"@graph\":[{\"@type\":\"WebPage\",\"@id\":\"https:\/\/ashotzakaryan.com\/coach\/\",\"url\":\"https:\/\/ashotzakaryan.com\/coach\/\",\"name\":\"WARUM ? - der INSIGHTER\",\"isPartOf\":{\"@id\":\"https:\/\/ashotzakaryan.com\/#website\"},\"primaryImageOfPage\":{\"@id\":\"https:\/\/ashotzakaryan.com\/coach\/#primaryimage\"},\"image\":{\"@id\":\"https:\/\/ashotzakaryan.com\/coach\/#primaryimage\"},\"thumbnailUrl\":\"http:\/\/ashotzakaryan.com\/wp-content\/uploads\/2024\/11\/SALES-COLOR-1-1024x1024.jpg\",\"datePublished\":\"2025-02-07T17:21:30+00:00\",\"dateModified\":\"2026-02-28T09:36:25+00:00\",\"breadcrumb\":{\"@id\":\"https:\/\/ashotzakaryan.com\/coach\/#breadcrumb\"},\"inLanguage\":\"ru-RU\",\"potentialAction\":[{\"@type\":\"ReadAction\",\"target\":[\"https:\/\/ashotzakaryan.com\/coach\/\"]}]},{\"@type\":\"ImageObject\",\"inLanguage\":\"ru-RU\",\"@id\":\"https:\/\/ashotzakaryan.com\/coach\/#primaryimage\",\"url\":\"http:\/\/ashotzakaryan.com\/wp-content\/uploads\/2024\/11\/SALES-COLOR-1-1024x1024.jpg\",\"contentUrl\":\"http:\/\/ashotzakaryan.com\/wp-content\/uploads\/2024\/11\/SALES-COLOR-1-1024x1024.jpg\"},{\"@type\":\"BreadcrumbList\",\"@id\":\"https:\/\/ashotzakaryan.com\/coach\/#breadcrumb\",\"itemListElement\":[{\"@type\":\"ListItem\",\"position\":1,\"name\":\"Home\",\"item\":\"https:\/\/ashotzakaryan.com\/\"},{\"@type\":\"ListItem\",\"position\":2,\"name\":\"WARUM ?\"}]},{\"@type\":\"WebSite\",\"@id\":\"https:\/\/ashotzakaryan.com\/#website\",\"url\":\"https:\/\/ashotzakaryan.com\/\",\"name\":\"A-shot Zakaryan\",\"description\":\"Der Funke der Klarheit, der alles ver\u00e4ndert.\",\"publisher\":{\"@id\":\"https:\/\/ashotzakaryan.com\/#organization\"},\"potentialAction\":[{\"@type\":\"SearchAction\",\"target\":{\"@type\":\"EntryPoint\",\"urlTemplate\":\"https:\/\/ashotzakaryan.com\/?s={search_term_string}\"},\"query-input\":{\"@type\":\"PropertyValueSpecification\",\"valueRequired\":true,\"valueName\":\"search_term_string\"}}],\"inLanguage\":\"ru-RU\"},{\"@type\":\"Organization\",\"@id\":\"https:\/\/ashotzakaryan.com\/#organization\",\"name\":\"A-shot Zakaryan\",\"url\":\"https:\/\/ashotzakaryan.com\/\",\"logo\":{\"@type\":\"ImageObject\",\"inLanguage\":\"ru-RU\",\"@id\":\"https:\/\/ashotzakaryan.com\/#\/schema\/logo\/image\/\",\"url\":\"https:\/\/ashotzakaryan.com\/wp-content\/uploads\/2024\/11\/SALES-COLOR-1.jpg\",\"contentUrl\":\"https:\/\/ashotzakaryan.com\/wp-content\/uploads\/2024\/11\/SALES-COLOR-1.jpg\",\"width\":1434,\"height\":1432,\"caption\":\"A-shot Zakaryan\"},\"image\":{\"@id\":\"https:\/\/ashotzakaryan.com\/#\/schema\/logo\/image\/\"},\"sameAs\":[\"https:\/\/www.facebook.com\/profile.php?id=61575221885111\",\"https:\/\/www.instagram.com\/ashot.zakaryan\/\",\"https:\/\/www.linkedin.com\/in\/ashot-zakaryan-7054376a\/\"]}]}<\/script>\n<!-- \/ Yoast SEO plugin. -->","yoast_head_json":{"title":"WARUM ? - der INSIGHTER","robots":{"index":"index","follow":"follow","max-snippet":"max-snippet:-1","max-image-preview":"max-image-preview:large","max-video-preview":"max-video-preview:-1"},"canonical":"https:\/\/ashotzakaryan.com\/rus\/coach\/","og_locale":"ru_RU","og_type":"article","og_title":"WARUM ? - der INSIGHTER","og_description":"SIE TRAGEN DIE L\u00d6SUNG IN SICH WAS WIR JETZT HABEN Menschen, die sich weiterentwickeln wollen, lassen sich im Grunde in zwei Gruppen einteilen. Die einen f\u00fchlen sich festgefahren, \u00fcberfordert und unsicher, wie sie ihren Weg zum Erfolg finden sollen. Die anderen wissen genau, wohin sie wollen, verf\u00fcgen \u00fcber Entwicklungskompetenz und m\u00f6chten lediglich ihren Fortschritt beschleunigen. &hellip; \u0427\u0438\u0442\u0430\u0442\u044c \u0434\u0430\u043b\u0435\u0435 \u00abWARUM ?\u00bb","og_url":"https:\/\/ashotzakaryan.com\/rus\/coach\/","og_site_name":"der INSIGHTER","article_publisher":"https:\/\/www.facebook.com\/profile.php?id=61575221885111","article_modified_time":"2026-02-28T09:36:25+00:00","og_image":[{"width":1434,"height":1432,"url":"https:\/\/ashotzakaryan.com\/wp-content\/uploads\/2024\/11\/SALES-COLOR-1.jpg","type":"image\/jpeg"}],"twitter_card":"summary_large_image","twitter_misc":{"\u041f\u0440\u0438\u043c\u0435\u0440\u043d\u043e\u0435 \u0432\u0440\u0435\u043c\u044f \u0434\u043b\u044f \u0447\u0442\u0435\u043d\u0438\u044f":"2 \u043c\u0438\u043d\u0443\u0442\u044b"},"schema":{"@context":"https:\/\/schema.org","@graph":[{"@type":"WebPage","@id":"https:\/\/ashotzakaryan.com\/coach\/","url":"https:\/\/ashotzakaryan.com\/coach\/","name":"WARUM ? - der INSIGHTER","isPartOf":{"@id":"https:\/\/ashotzakaryan.com\/#website"},"primaryImageOfPage":{"@id":"https:\/\/ashotzakaryan.com\/coach\/#primaryimage"},"image":{"@id":"https:\/\/ashotzakaryan.com\/coach\/#primaryimage"},"thumbnailUrl":"http:\/\/ashotzakaryan.com\/wp-content\/uploads\/2024\/11\/SALES-COLOR-1-1024x1024.jpg","datePublished":"2025-02-07T17:21:30+00:00","dateModified":"2026-02-28T09:36:25+00:00","breadcrumb":{"@id":"https:\/\/ashotzakaryan.com\/coach\/#breadcrumb"},"inLanguage":"ru-RU","potentialAction":[{"@type":"ReadAction","target":["https:\/\/ashotzakaryan.com\/coach\/"]}]},{"@type":"ImageObject","inLanguage":"ru-RU","@id":"https:\/\/ashotzakaryan.com\/coach\/#primaryimage","url":"http:\/\/ashotzakaryan.com\/wp-content\/uploads\/2024\/11\/SALES-COLOR-1-1024x1024.jpg","contentUrl":"http:\/\/ashotzakaryan.com\/wp-content\/uploads\/2024\/11\/SALES-COLOR-1-1024x1024.jpg"},{"@type":"BreadcrumbList","@id":"https:\/\/ashotzakaryan.com\/coach\/#breadcrumb","itemListElement":[{"@type":"ListItem","position":1,"name":"Home","item":"https:\/\/ashotzakaryan.com\/"},{"@type":"ListItem","position":2,"name":"WARUM ?"}]},{"@type":"WebSite","@id":"https:\/\/ashotzakaryan.com\/#website","url":"https:\/\/ashotzakaryan.com\/","name":"A-shot Zakaryan","description":"Der Funke der Klarheit, der alles ver\u00e4ndert.","publisher":{"@id":"https:\/\/ashotzakaryan.com\/#organization"},"potentialAction":[{"@type":"SearchAction","target":{"@type":"EntryPoint","urlTemplate":"https:\/\/ashotzakaryan.com\/?s={search_term_string}"},"query-input":{"@type":"PropertyValueSpecification","valueRequired":true,"valueName":"search_term_string"}}],"inLanguage":"ru-RU"},{"@type":"Organization","@id":"https:\/\/ashotzakaryan.com\/#organization","name":"A-shot Zakaryan","url":"https:\/\/ashotzakaryan.com\/","logo":{"@type":"ImageObject","inLanguage":"ru-RU","@id":"https:\/\/ashotzakaryan.com\/#\/schema\/logo\/image\/","url":"https:\/\/ashotzakaryan.com\/wp-content\/uploads\/2024\/11\/SALES-COLOR-1.jpg","contentUrl":"https:\/\/ashotzakaryan.com\/wp-content\/uploads\/2024\/11\/SALES-COLOR-1.jpg","width":1434,"height":1432,"caption":"A-shot Zakaryan"},"image":{"@id":"https:\/\/ashotzakaryan.com\/#\/schema\/logo\/image\/"},"sameAs":["https:\/\/www.facebook.com\/profile.php?id=61575221885111","https:\/\/www.instagram.com\/ashot.zakaryan\/","https:\/\/www.linkedin.com\/in\/ashot-zakaryan-7054376a\/"]}]}},"_links":{"self":[{"href":"https:\/\/ashotzakaryan.com\/rus\/wp-json\/wp\/v2\/pages\/725","targetHints":{"allow":["GET"]}}],"collection":[{"href":"https:\/\/ashotzakaryan.com\/rus\/wp-json\/wp\/v2\/pages"}],"about":[{"href":"https:\/\/ashotzakaryan.com\/rus\/wp-json\/wp\/v2\/types\/page"}],"author":[{"embeddable":true,"href":"https:\/\/ashotzakaryan.com\/rus\/wp-json\/wp\/v2\/users\/1"}],"replies":[{"embeddable":true,"href":"https:\/\/ashotzakaryan.com\/rus\/wp-json\/wp\/v2\/comments?post=725"}],"version-history":[{"count":210,"href":"https:\/\/ashotzakaryan.com\/rus\/wp-json\/wp\/v2\/pages\/725\/revisions"}],"predecessor-version":[{"id":1342,"href":"https:\/\/ashotzakaryan.com\/rus\/wp-json\/wp\/v2\/pages\/725\/revisions\/1342"}],"wp:attachment":[{"href":"https:\/\/ashotzakaryan.com\/rus\/wp-json\/wp\/v2\/media?parent=725"}],"curies":[{"name":"wp","href":"https:\/\/api.w.org\/{rel}","templated":true}]}}